actors of m(-4).
2, 3
Suppose 0 = -y - k + 8, k = y + 4*y - 16. What are the prime factors of -7 + 24 - (y - 1)?
2, 7
Suppose -3*i + 10*y = 11*y - 1256, 3*i - 5*y = 1280. What are the prime factors of i?
2, 3, 5, 7
Let m = -8 + 8. Suppose m = -a - 5 + 7. What are the prime factors of a?
2
Suppose 3*y + 30 = 6*y. What are the prime factors of y?
2, 5
Let j be (-1 + 2)/((-4)/36). Let a = j + 4. Let y(w) = w + 7. List the prime factors of y(a).
2
Let h be (0 - 10)/((-6)/(-9)). Let v = 39 + h. List the prime factors of v.
2, 3
Let k = 43 + -28. Suppose k = -3*t - 6. Let w = 13 + t. List the prime factors of w.
2, 3
Suppose 0 = -5*l + 26 - 1. Suppose l*k - 29 = 86. What are the prime factors of k?
23
Let g = -2 + -10. List the prime factors of g/(-15) + (-555)/(-25).
23
Let w = 2 - 8. Let o = 0 - w. What are the prime factors of o?
2, 3
Let o = 11 + -8. Suppose -3*g = -2*b + 72, -5*b + o*g + 171 = -0*g. What are the prime factors of b?
3, 11
Let y(l) = 2*l**2 - 3*l + 3. What are the prime factors of y(3)?
2, 3
Let b(w) = 39*w**2 - w. List the prime factors of b(1).
2, 19
Let k = -39 + 86. What are the prime factors of k?
47
Let i(g) = 3*g - 52. Let o be i(18). Let x(z) = -z**3 + 7*z**2 + 3*z - 1. Let q be x(5). Suppose 2*w - q = -o*w. What are the prime factors of w?
2
Let a = 6 - -8. What are the prime factors of a?
2, 7
Suppose -15*b = -17*b + 2*y + 476, 5*b = 3*y + 1190. What are the prime factors of b?
2, 7, 17
Suppose -8*p + 13*p = 420. What are the prime factors of p?
2, 3, 7
Let c = -50 - -74. List the prime factors of c.
2, 3
Let h be 6*2 + (-1 - -4). Let z = -11 + h. What are the prime factors of z?
2
Suppose 2 = -n + 2*n. Suppose -n*r + 75 = 3*r. List the prime factors of r.
3, 5
Let p be (-9)/(-3)*1 + -1. Suppose -4 = s, p*s - 3*s - 4 = 4*q. Suppose -w + 18 = -q*w. List the prime factors of w.
2, 3
What are the prime factors of ((-312)/(-5) + 16/(-40))/1?
2, 31
Let w = -9 + 17. What are the prime factors of w?
2
Let v = -22 + 46. List the prime factors of v.
2, 3
Suppose -29 - 11 = -5*w + 4*k, 2*w - 5*k = 16. Suppose 0 = -0*a - 3*a - 4*n - w, 0 = 2*n + 10. List the prime factors of a.
2
Let x(t) be the third derivative of 2*t**2 + 0*t**3 + 0*t + 0 + 1/120*t**6 + 0*t**4 - 1/60*t**5. List the prime factors of x(2).
2
Let o be (-3*(3 + -2))/1. What are the prime factors of o/(9/(-42)) - -3?
17
Suppose -87 = 4*u - o, -3*o = -2*u + o - 40. Let y = 37 + u. What are the prime factors of y?
3, 5
What are the prime factors of (108/20 + 3)*5?
2, 3, 7
Let b = -105 + 154. Suppose -4*l + b - 5 = 0. List the prime factors of l.
11
Let g(x) = -6*x - 23. List the prime factors of g(-12).
7
Suppose -2*i - 6 = 4*y, -i - 4*y - 26 = -3*i. Let l = i + 1. List the prime factors of l.
2, 3
Suppose 0 = 2*l + 14 + 6. Let h = -6 - l. What are the prime factors of h?
2
What are the prime factors of ((-14640)/(-35))/6 - 4/(-14)?
2, 5, 7
Let j be (-42)/(-15) + 3/15. Suppose 14 = z + f, 0*f - 45 = -j*z - 2*f. List the prime factors of z.
17
Suppose -195 - 687 = -2*f. Let q be 4/(-3)*f/14. Let t = q + 60. What are the prime factors of t?
2, 3
Let m(s) = -s**2 + 7. Let t be m(0). Let c = t + -3. What are the prime factors of c?
2
Let f(v) = -v + 9. Let z be f(6). Let i(m) = m + 2. List the prime factors of i(z).
5
Let v(o) be the third derivative of o**5/60 + o**3 - 2*o**2. Let h be v(0). List the prime factors of (-16)/h*9/(-6).
2
Let l(x) = x**2 + 13*x - 15. What are the prime factors of l(-15)?
3, 5
Let n(a) = -a**3 - 5*a**2 - 6*a - 5. Let j be n(-4). Suppose -h = 5*y - 245, j*y - 3*h = 40 + 107. What are the prime factors of y?
7
Suppose -25 = 4*w + 27. Let g = -9 - w. What are the prime factors of g?
2
Suppose -4*f = -4*m - 808, 5*f + 5*m - 860 - 140 = 0. List the prime factors of f.
3, 67
Let y = -7 - 12. Let k = 33 - y. List the prime factors of k.
2, 13
Let d = -3 + 6. Suppose -4*a - 2*f = -a - 25, d*a + 4*f = 29. Suppose -c + a = -2. List the prime factors of c.
3
Let i(a) = a + 2. Let l be i(3). Suppose 0 = l*d + 2 - 12. List the prime factors of 1/(1/1) + d.
3
Let d(g) be the second derivative of g**5/20 - 5*g**4/12 + g**3/2 - 7*g**2/2 - 2*g. List the prime factors of d(5).
2
Let s(m) = 3*m**2 + 3*m + 2. Let t = 4 + -6. List the prime factors of s(t).
2
Suppose 24 = 3*q - 3. Let u(p) be the third derivative of p**6/120 - 3*p**5/20 + p**3/2 - 6*p**2. List the prime factors of u(q).
3
Suppose -4*z + 5*v = -1, -z + 19 = 6*v - v. Suppose -z*s + 7 = 3*y - 7, 2*s = -2*y + 10. What are the prime factors of y?
2, 3
What are the prime factors of 118*(-2 - 20/(-8))?
59
Let j(f) = -f**3 + 4*f**2 - 4*f + 3. Let y be j(2). Suppose 5*w = -y*o + 147, -6*w + 149 = -w + o. What are the prime factors of w?
2, 3, 5
Let i(t) = -2*t + 4. Let b be i(-3). Suppose 5 = n - 3*f, 3*f + f = -2*n + b. Let h = 5 + n. What are the prime factors of h?
2, 5
Let v be ((-2)/(-4))/((-4)/(-576)). Suppose -v = -p - 2*p. Suppose 2*f - 5*f + p = 0. List the prime factors of f.
2
Suppose -2*r = 5*a - 672, 0 = -2*r - 3 + 5. List the prime factors of a.
2, 67
Let v = -42 - -65. Suppose -4*i + 25 = -v. What are the prime factors of i?
2, 3
Let v(g) = g**3 - 2. Let x be v(2). Let n be (10 + -1)*3/9. Suppose -n = 3*l - 5*m - 21, -l + 5*m = -x. List the prime factors of l.
2, 3
Let f be (16/24)/(4/18). Suppose 5*a + 55 = 4*h, -f*a = -5*h - 5 + 77. List the prime factors of h.
3, 5
Suppose 2*d - 39 = 57. List the prime factors of 4/6*d/4.
2
Let c(b) = 3*b. Let l(n) = -3*n - 2. Let u(m) = 6*c(m) + 3*l(m). What are the prime factors of u(6)?
2, 3
Let n = -10 + 9. What are the prime factors of ((-54)/(-12))/(n/(-6))?
3
Let c = 154 - -3. What are the prime factors of c?
157
Suppose 2*l = -3*l. Let y(d) = 2*d - 1 + 6 - 3*d. List the prime factors of y(l).
5
Suppose -4*s - 4*w + 24 = -2*s, -3*s + 41 = 5*w. Let p(y) = y**3 + y**2 - y + 2. Let m be p(-3). Let r = m + s. List the prime factors of r.
3
Let f(y) = 33*y. What are the prime factors of f(2)?
2, 3, 11
Let p(b) = -b**3 + b**2 + b + 27. What are the prime factors of p(0)?
3
Let x(g) = g**3 - g**2 - 4*g - 2. Let s be x(-4). Let u = -47 - s. List the prime factors of u.
19
Let v(j) = -3*j + 2*j**3 + 7*j**2 + j + 8 - 3*j**3 - 5*j. List the prime factors of v(6).
2
Suppose 0*g - g = -5. Suppose -7 = t + 5*z + 1, 26 = 3*t + g*z. What are the prime factors of t?
17
Suppose -23*s = -21*s - 310. What are the prime factors of s?
5, 31
Let z = -5 + -17. Let p be ((-9)/27)/(0 - 2/228). Let f = p + z. List the prime factors of f.
2
Suppose -p = -3*n + 347, 3*n = n + 5*p + 214. What are the prime factors of n?
3, 13
Suppose 3*r - 601 = 3*a + 368, 0 = -5*r + 2*a + 1603. What are the prime factors of r?
11, 29
Let w(v) = -v**2 - 8*v - 7. Let t be w(-7). Suppose t*g + 33 = g. List the prime factors of g.
3, 11
List the prime factors of 2/4*1*6.
3
Let k = -5 + 6. Let h = k - -1. Let s = 6 + h. List the prime factors of s.
2
Suppose m - 14 + 78 = 3*v, -44 = -3*v - 4*m. Let x = 15 + v. What are the prime factors of x?
5, 7
Let y = -40 - -104. Suppose -2*n - y = -6*n. Suppose 0*i - n = -4*i. What are the prime factors of i?
2
Let t be (14/(-4))/(1/(-10)). Let j = -22 + t. Suppose w = j - 4. What are the prime factors of w?
3
Let c(x) = x. Let s be c(4). Suppose -s = -d + 6. What are the prime factors of d?
2, 5
Let c(i) = i**2 + 3*i**2 - 3*i**3 + i + 4*i**3 - 3. What are the prime factors of c(-3)?
3
Let r(q) = -4*q - 2. Let t be r(-4). Suppose -100 = -4*z - 0*z. Let u = z - t. List the prime factors of u.
11
Let x = -7 + 22. List the prime factors of x.
3, 5
Suppose x - 355 = 4*w, 2*x + 447 = 4*w - 9*w. List the prime factors of w/(-2) + (-2)/4.
2, 11
Suppose 8*t = 4*t. Suppose -4*o - 3*w + 72 = t, 0 = -5*o + w - 16 + 87. What are the prime factors of o?
3, 5
Let z = 41 + -22. List the prime factors of z.
19
Let i(f) = -3*f - 1. Let v(r) be the second derivative of -r**5/20 + 5*r**4/12 + 5*r**3/6 + 5*r**2/2 + 2*r. Let h be v(6). What are the prime factors of i(h)?
2
Let t(l) = 2*l - 16. Let j be t(12). Let g = 2 + j. What are the prime factors of g?
2, 5
Let o(v) = 4*v + 14. Let y be o(-5). List the prime factors of y*1*(-9)/6.
3
Suppose -n = -7*n + 402. List the prime factors of n.
67
Let g be 1/(5/4 - 1). Suppose -y = g*k + 8, -y - 2*k = 4*y + 58. Let s = 25 + y. Wha